lue of -49 - -47 - (0 - 1)?
-1
Evaluate -2 - (4 + (3 - 4) + 0).
-5
-9 - (-6 - -16 - 21)
2
What is the value of -4 + -7 - (-6 - 8)?
3
Evaluate 0 - -1 - (-2 + 1).
2
Evaluate (-2 - -7 - 2) + (-1 - 1).
1
-10 + 2 + (-7 - -2) + 9
-4
What is the value of 15 - 16 - (1 + 2)?
-4
(-11 - -2 - -4) + 9
4
What is the value of (-1 - (-1 - -4)) + -1?
-5
What is the value of (1 - 1) + 3 - 0 - 4?
-1
Calculate (1 - 6) + (-2 - (-12 - -9)).
-4
3 - 0 - (-14 - (-11 - -2))
8
Calculate 2 - -2 - (-12 - (9 - 29)).
-4
What is the value of -2 - 7 - (1 + -5)?
-5
What is (1 + 0 - -1) + -23 + 21?
0
What is the value of -3 + (8 - (-2 - -13))?
-6
(-1 - -2) + -1 + -211 + 203
-8
Evaluate -1 - (5 + (-5 - -2)).
-3
Evaluate (-1 - -5) + (-8 - (-1 - 4)).
1
Evaluate 9 + (2 + 0 - (10 + -4)).
5
What is the value of 34 + -33 + -1 + 4?
4
1 - 2 - ((-5 - -10) + -4)
-2
What is the value of (2 - 2) + 0 - -2?
2
(52 - 51) + -1 + -1
-1
What is -1 - 7 - (1 + 2 - 6)?
-5
What is the value of 3 + (-9 - -6) - (-2 - -1)?
1
What is 4 + (-8 - -4) - (-4 - -2)?
2
What is the value of -11 + 11 + 17 + -9?
8
16 + -14 - (6 - 8)
4
Calculate -1 + 0 + -2 + (6 - 3).
0
Evaluate (9 - 11) + 8 + -3 + 2.
5
What is 3 + (2 - (3 + -3 - -3))?
2
What is 0 - 4 - (-4 + (1 - 0))?
-1
Evaluate (-1 - -10) + 1 + -4 + -3.
3
What is 0 + -1 + (7 - 17) + 6?
-5
Evaluate 2 - -9 - (36 - 17).
-8
What is the value of -2 + -4 + 16 - 7?
3
Evaluate 20 - 20 - 14 - (-3 - 1).
-10
What is 5 - (-5 + 5) - (0 + 3)?
2
What is the value of 8 - 0 - (10 + -6)?
4
What is 2 - (-1 - (4 - 0) - -2)?
5
What is -7 - (9 - 15) - (1 + 3)?
-5
What is 2 + 0 + -5 - (1 - -1)?
-5
Calculate (-5 - -4) + 0 - 0.
-1
Calculate 6 + -7 + (-5 - -9).
3
(-4 - 0) + -1 - -4
-1
What is the value of -5 + 1 + -1 + 6?
1
Calculate -8 + 12 + 1 + -5.
0
Calculate -4 - (7 + (-2 - 6)).
-3
What is (3 - (2 + 1)) + (0 - -2)?
2
Calculate -1 + 5 - (-3 + -2 + 8).
1
(0 - -1 - (-8 + 5)) + -8
-4
Evaluate -5 + 6 + (1 + -3 - 2).
-3
What is -3 + 4 + -3 + 2 - -2?
2
8 - (0 - (11 - (7 - -1)))
11
Calculate 8 - ((5 - 1) + -3).
7
What is -4 + 1 + -29 + 26?
-6
Calculate (3 - 0) + -5 + (11 - 8).
1
Evaluate (11 - (-1 + 12)) + (5 - -1).
6
Calculate 3 - (5 + (-5 - (0 - 2))).
1
What is 12 + -1 + 1 + -4 - 4?
4
What is 1 + -3 + 1 + (3 - 0)?
2
Evaluate -1 + 5 + -10 + 7.
1
What is (-1 - (4 + -5)) + -2 - 1?
-3
(1 - 0) + (-27 - -34)
8
Calculate 4 - (-1 + 10 + -4).
-1
(-2 - -10 - 2) + -3
3
2 + (4 + -4 - -5) + -4
3
Evaluate (-2 - (-1 - -10)) + 7.
-4
-17 + 19 - (4 - 0)
-2
What is the value of 2 - (-7 + -1) - 5 - 1?
4
What is -1 + 6 + (-9 - (4 + -3))?
-5
Calculate 2 + 2 - (-2 - -11 - 4).
-1
What is -2 + -2 - -5 - (-7 + 3)?
5
-6 - -4 - (2 + -4)
0
Evaluate (18 - 6) + -23 + 13.
2
(1 - 2) + 1 - 2 - -3
1
(14 - 6) + (1 - 5)
4
Calculate 5 + (1 + (-6 - 3) - -4).
1
Calculate (-6 - (-7 - -1)) + -2 + 8.
6
What is -41 - -52 - (14 + 1)?
-4
7 + 4 + 2 + -8
5
Evaluate -16 - -20 - (2 - (1 - 1)).
2
What is the value of -2 + (13 - 3 - 14)?
-6
What is 2 - 3 - (-4 - (0 - 1))?
2
Evaluate 0 + 1 + -1 + (16 - 14).
2
Evaluate 4 + (4 - (-6 + 11)).
3
Calculate -7 + (9 + -9 - -7).
0
Calculate 5 + -1 - (6 + 0) - 3.
-5
0 - 8 - (-2 + -9 + 7)
-4
What is the value of 5 - (-3 + 5 + -4 - -12)?
-5
What is the value of -5 + -7 + -9 + 7 + 6?
-8
What is the value of -31 + (6 - -6) + 13?
-6
Calculate -9 + 10 + (-6 - -2 - -1).
-2
What is the value of -79 - -87 - (-1 + 14)?
-5
Calculate 18 + 3 + -14 + -1 + -2.
4
What is 6 + (-3 + 0 - 2 - -4)?
5
Evaluate 13 + (10 + -5 - 21).
-3
Evaluate -4 - -4 - -1 - -4.
5
Calculate -2 - ((3 - 7) + 7 + -4).
-1
(-2 - (-9 + 0)) + (-5 - -1)
3
What is 1 - -2 - (0 + -8 + 9)?
2
What is the value of 11 + -1 - (261 - 255)?
4
What is (-1 - -5) + 2 + -1?
5
Evaluate 3 + -6 + 2 - (-2 + 7).
-6
Evaluate 0 + -3 + (16 - 13) + 1.
1
What is the value of 2 - (1 - -1) - (27 + -32)?
5
-2 + 7 + 8 - 7
6
10 - (8 + -16 - -16)
2
What is the value of 9 + -1 - (-174 - -187)?
-5
-4 + -6 + 4 - -8
2
Calculate (0 - (0 - 1)) + -2 + -3.
-4
Calculate -15 + (-8 - -12 - -2).
-9
What is the value of -3 + (-11 - -16) + (-1 - 1)?
0
What is 3 - (-8 - (-1 + -2)) - 16?
-8
What is the value of -67 + 59 + 2 + 4?
-2
Calculate (-3 + (-4 - 1) - -1) + 9.
2
What is -2 + (-2 - -3) + 2 + -6?
-5
Evaluate 11 + -14 + (0 - 0) + 4.
1
-2 + 1 + (13 - (23 - 11))
0
Calculate -3 + (1 - 4) + 17 + -12.
-1
Evaluate 3 - (-8 - -11) - (-1 + -2).
3
What is the value of 7 - (0 + (-1 - 1) - -5)?
4
What is the value of 0 + (-9 - -3 - (0 - 11))?
5
What is -9 + 2 + 12 + -10?
-5
-9 - -1 - (-18 - -6)
4
Calculate -11 + 3 + 4 - (-10 + 0).
6
Calculate -7 - (-7 - (8 + -12)) - 0.
-4
What is the value of 1 - ((3 - 3) + -2)?
3
What is the value of 9 - 4 - 8 - -4?
1
2 - (0 - -8) - -10
4
(8 - 5 - -1) + 1 + -2
3
Evaluate 3 + (0 - 5 - -6).
4
-13 + 4 + (4 - 0)
-5
Evaluate 8 + (-3 + -2 - (2 + 2)).
-1
What is 2 + 2 + (6 - 9)?
1
What is the value of 2 - (2 + -1 + (1 - -3))?
-3
What is -14 - (3 - 11) - (3 - 9)?
0
Evaluate 0 + 2 + 4 + (-3 - 2).
1
6 + -6 - -9 - (-2 + 7)
4
What is -4 - -8 - -2 - (-3 - -4)?
5
What is (-36 - -42 - (9 - 1)) + -4?
-6
Evaluate 7 - (0 - (1 + -3)).
5
Evaluate (-13 - -3) + 3 + -4 + 7.
-4
What is the value of 3 + -7 + (-2 - -4) + 7?
5
(0 - 0) + 0 - (0 + 1)
-1
What is -4 + 0 + (-4 + 10 - 5)?
-3
What is the value of (-27 - -31) + -1 + 2?
5
What is the value of 117 + -116 + 6 + 1?
8
What is -4 - (-7 + 7) - 2 - -4?
-2
Evaluate 2 + -12 + 3 + 2.
-5
Calculate 0 - (-2 - -2 - -4) - 1.
-5
Evaluate -13 - (-5 + -3) - -5.
0
Calculate 19 - (11 + 11 + -11).
8
Evaluate (144 - 130) + 0 + -7.
7
Evaluate 4 + -6 + 2 + 2.
2
What is -2 - 5 - (-29 + 18)?
4
What is the value of (8 - (0 + 15)) + 5?
-2
What is the value of (-1 - 18) + (24 - 14)?
-9
-6 + (-11 - 0) + 13
-4
20 - 7 - 8 - 14
-9
Calculate -3 - (-2 - -2 - -1).
-4
Evaluate (54 - 59) + (-2 - 1).
-8
What is 12 + (12 - (9 - -6))?
9
What is -5 + 1 - (-21 + 15)?
2
Calculate -4 + (-2 - 2) - -10.
2
-11 - ((-8 - 3) + -6)
6
What is the value of (-16 - -6) + (-1 - -6)?
-5
(-3 - 1) + -18 + 23
1
1 + 4 + -10 - (0 - 0)
-5
Evaluate -4 + (8 - 8) - 0.
-4
Calculate (-8 + 11 - 9) + 2 + 2.
-2
Calculate -14 - -6 - (-4 + 2).
-6
39 + -34 + -12 + 1
-6
(1 - -2) + (-1 - 1) - 3
-2
-3 + 2 - 2 - 2
-5
What is the value of 7 - 1 - 5 - (-1 + -1)?
3
Evaluate -8 + 15 + 6 - 5.
8
What is (2 - 4 - 2 - 2) + 8?
2
What is the value of -32 + 28 - (-1 + -3 + -1)?
1
Calculate -3 - 1 - (1 - 1).
-4
Calculate 0 + (-2 - 0) - (9 + -4).
-7
What is the value of 4 + 2 + -10 + -1?
-5
Evaluate 1 - ((0 - 1) + (-34 - -40)).
-4
What is 2 - (1 + 3) - -4?
2
What is the value of -7 + 9 + 9 + -3?
8
What is 12 + (-5 - -3) - (3 + -2)?
9
Evaluate -44 + 37 - (-15 - -2).
6
(6 - 5) + -10 - -6
-3
Calculate -5 - (-3 + 4 - (9 + -1)).
2
What is the value of (5 + -4 - (13 + 2)) + 6?
-8
What is -8 + 9 - 3 - -9?
7
What is -10 - 0 - (-43 - -27)?
6
What is -1 + -7 - (-49 + 35)?
6
What is -9 + -2 + 5 + 3?
-3
What is the value of 21 - 22 - (2 + 0 + -6)?
3
Evaluate 1 + (2 - 7) - -4.
0
What is the value of 6 + 3 + -9 + 4?
4
What is (-2 + 0 - 0) + 6 + -8?
-4
What is 1 + 7 - (3 - 0)?
5
What is the value of 3 - (4 + 0 + 2)?
-3
Evaluate 1 + (-3 - (2 - (5 - 3))).
-2
What is the value of -1 - (-3 - (4 - (-8 + 12)))?
2
What is the value of -3 + 4 - (-16 + 7 - -9)?
1
-15 - -16 - (-3 - -1)
3
Calculate 0 - (-4 - (1 + -5)).
0
Evaluate 14 + -9 - 14 - -3.
-6
(-12 - -12) + (3 - 3)
0
What is -4 - ((0 - -3) + 2 + -2)?
-7
What is -1 - ((-2 - 3 - -12) + 0)?
-8
1 - 1 - 1 - (61 + -65)
3
-16 + 14 - (0 + -2 - -3)
-3
What is -4 - (4 - 1 - 5)?
-2
What is the value of -9 - (-10 + 4 + 0)?
-3
What is 3 - (4 + 0) - -1 - 3?
-3
Calculate (1 - 5) + (-114 - -114).
-4
What is the value of 0 - (4 + (-4 - 3))?
3
-7 + 1 - -5 - (-6 + 1)
4
What is -1 - -5 - (75 + -71)?
0
Calculate 3 - (-1 + -1 + 5) - 5.
-5
Evaluate 0 + -3 + (-4 - -11) + -2.
2
What is the value of 2 + 0 + 13 + -9?
6
What is the value of 12 - 25 - -7 - -5?
-1
What is the value of -5 - (1 - (12 - 1)) - 6?
-1
Evaluate (3 - 4) + 2 + 5 + -5.
1
-7 - (-1 + 1 + -4 - -3)
-6
What is (-2 - 1) + 0 + (-4 - -5)?
-2
Evaluate (-1 - 5) + -3 + 3.
-6
Calculate -18 + 5 + 20 + 1.
8
What is -5 - (-3 - (3 + -3))?
-2
Evaluate -9 - (-3 - 0 - 0) - -8.
2
What is -5 - (8 - 4) - -4?
-5
Evaluate 0 + 6 + -3 - 8.
-5
Evaluate 4 - 5 - -4 - 3.
0
Calculate -2 + 8 + -3 + -1.
2
What is (-1 - 1) + 5 + -40 + 38?
1
What is the value of 3 - (-3 - (-3 - 